 h(-5). Let a = -19 - w. List the prime factors of a.
2, 7
Suppose 3*i = -2*i + x + 17, 5*i - 19 = 2*x. Suppose 0 = -5*d + 7 + i. What are the prime factors of d?
2
Suppose -2 = -2*l - y + 1, 4*y + 12 = 0. Let b be 1/l - 138/(-18). Suppose -a + b = -3. List the prime factors of a.
11
Suppose -137 = -5*b + 13. List the prime factors of b.
2, 3, 5
Suppose -1 + 11 = 5*a. Suppose -2*b = g - 1, -a*g - b - 7 + 21 = 0. List the prime factors of g.
3
Let j = 8 + 7. Let p = j - 10. What are the prime factors of p?
5
List the prime factors of (30/7)/(14/98).
2, 3, 5
Let z(w) = -w**3 + 5*w**2 - 3*w + 5. Let o be 12/(-54) - 47/(-9). Suppose -36 = -o*y - 4*x, -y - 24 + 8 = -5*x. What are the prime factors of z(y)?
3
Let q(r) = r**2 + r. Suppose 0 = 2*d - 10, w + d = 6*w + 15. Let u be q(w). Suppose -5*t + 30 = -u*t. List the prime factors of t.
2, 5
Suppose -5*n + 372 = 132. Suppose 5*g + w = 4*w + n, -g - 4*w + 28 = 0. List the prime factors of g.
2, 3
Suppose 4*l - 237 = -3*q, -3*l + 179 = -0*l + q. List the prime factors of l.
2, 3, 5
Let b(d) = d**3 - 12*d**2 + 3*d - 12. Let y = 31 + -19. What are the prime factors of b(y)?
2, 3
Let i(p) = -49*p + 4. What are the prime factors of i(-1)?
53
Let f(i) = -2*i**2 - i - 1. Let t be f(2). Let s = t - -17. List the prime factors of s.
2, 3
Suppose 0 = -2*a - 2*a + 352. Suppose -x - 3*x + a = 0. What are the prime factors of 260/x - 10/(-55)?
2, 3
Suppose 7*x = -4*x + 110. Let v be 3/6 + (-22)/4. Let z = v + x. List the prime factors of z.
5
Let z = -1 - -1. Suppose z = -2*f - 12 - 2. Let m = f + 21. List the prime factors of m.
2, 7
Let q = 4 - 3. Let v(s) = -39*s**3 - 3*s**2 + 8*s + 14. Let l(z) = 13*z**3 + z**2 - 3*z - 5. Let t(c) = -11*l(c) - 4*v(c). What are the prime factors of t(q)?
2, 7
Suppose 86 = y - 2*l, 2*y - 5*l - 272 = -97. What are the prime factors of y?
2, 5
Suppose 2*f = 347 - 175. What are the prime factors of f?
2, 43
Suppose 0*q + 2*q + 10 = 4*o, -3*q = 3*o + 33. What are the prime factors of 4*q/(-24)*2?
3
Suppose 0 = -0*c + 3*c - 174. What are the prime factors of c?
2, 29
Let d = -63 - -260. What are the prime factors of d?
197
Suppose b + 17 = 4*d, -4*b = -2 - 10. What are the prime factors of 3/d - 216/(-15)?
3, 5
Let a(c) = 0*c - 3*c + 5*c. Let r(l) = -l**3 - 6*l**2 + 6*l - 2. Let o be r(-7). What are the prime factors of a(o)?
2, 5
Suppose -4*k + 5*u + 41 = -k, 3*u = -k + 9. Suppose -4*h = -0*h - k. List the prime factors of h.
3
Suppose -z - 221 - 308 = -5*v, -4*v = 3*z - 408. What are the prime factors of v?
3, 5, 7
Suppose 0 = -3*o - 3*s + 24, 0*o + 2*o = 2*s + 8. Suppose -2*y + 0*y = -o. Let g(l) = 8*l - 3. What are the prime factors of g(y)?
3, 7
Let v(m) = m**2 - m - 1. Let s be v(3). Suppose 15 = s*i - 45. Suppose 4*y = -3*p + 33, 2*y + y - 2*p - i = 0. List the prime factors of y.
2, 3
Suppose -s + 366 = h + 4*h, -2*s = 8. List the prime factors of h.
2, 37
Suppose -4*q = -0*q - 12. Suppose -2*g + 70 = q*g. List the prime factors of g.
2, 7
Let s(f) = -f**2 + 2*f - 7. Let r be s(5). Let z be 260/r + (-2)/11. List the prime factors of (4/z)/(1/(-33)).
11
Suppose p + 2 - 5 = -t, 3*p + 7 = t. Let q(l) = l + 4. What are the prime factors of q(t)?
2
Let s(w) = 9 + 5*w + 0*w**2 + 2*w + w**2. Suppose -7 = 3*v + 11. List the prime factors of s(v).
3
Suppose -n - 4*p - 11 = -44, -4*p + 72 = 4*n. Let b = 9 + n. What are the prime factors of b?
2, 11
List the prime factors of 3 + 4/(8/114).
2, 3, 5
Suppose 0 = m - h - 35, 6*m - 5*m - 39 = 5*h. What are the prime factors of m?
2, 17
Suppose -5*u + 25 = -8*t + 3*t, -20 = -5*t - 4*u. List the prime factors of (t - -4)/(-4) - -18.
17
Suppose 4*b - 3*b = 2. Suppose -5*n + 5*x = 20, -14 = 4*x + b. Let o = n - -11. What are the prime factors of o?
3
Suppose -26 = -5*x + 3*x. What are the prime factors of x?
13
Suppose 3*v - 6 = -0. List the prime factors of (-2*17)/(v + -4).
17
List the prime factors of (2 - ((-4)/(-6))/1)*48.
2
Suppose 2*i = -12 - 2. Let g = i + 11. What are the prime factors of g?
2
Let u(i) = 7*i - 3. Let x(d) = -8*d + 3. Let s(m) = 6*u(m) + 5*x(m). List the prime factors of s(6).
3
List the prime factors of 4/(-2 - -1*(-94)/(-46)).
2, 23
Let q(b) = b. Let p = -13 - -16. List the prime factors of q(p).
3
Suppose -q = q - 6. Let p(r) = -r + 0*r - 4 + 3 + q*r. List the prime factors of p(7).
13
Let w(u) be the second derivative of -u**5/20 - u**4/12 + u**3/2 + u. Let n(m) be the second derivative of w(m). List the prime factors of n(-3).
2
Suppose -216 = -4*a - 4. List the prime factors of a.
53
Suppose -5*b + 15 = -110. Let r be ((-27)/(-12))/(3/8). Let m = b - r. List the prime factors of m.
19
Let k(f) be the first derivative of -7*f + 1/4*f**4 + 1/2*f**2 - 2 + 7/3*f**3. What are the prime factors of k(-6)?
23
Suppose 6*a - 126 = -a. What are the prime factors of a?
2, 3
Suppose -2*c = 10*c - 228. What are the prime factors of c?
19
Suppose -x - 2*o = -40, 3*x - 2*o - 136 = -0*o. List the prime factors of x.
2, 11
Suppose 0 = -3*w - l + 8, w + 5*l - 8 = 2*l. Suppose 2*c = 3*g + 69, w*g = 3*c - 55 - 46. What are the prime factors of c?
3, 11
Let h be -1 + 12/(7 + -3). Suppose h*k = 13 + 5. List the prime factors of k.
3
Suppose 0 = -0*c - c + 3. Suppose -m = c*m - 12. What are the prime factors of m?
3
Let f = -60 + 162. List the prime factors of f/(-4)*6/(-9).
17
What are the prime factors of (12/40)/((-12)/64)*-180?
2, 3
Let o(y) be the first derivative of y**2 - 7*y - 1. Let u = -3 + 13. List the prime factors of o(u).
13
Let f = 172 + -110. List the prime factors of f.
2, 31
Let v = -1 - -3. Suppose 19 = p + v*w + 4, 5*w = -5*p + 80. List the prime factors of p.
17
Suppose -8 = 2*j - 0, -2*m + j = 50. List the prime factors of 6/(-27) - 546/m.
2, 5
Suppose -4*y + 2*y - 5*r = -272, -4*y = r - 526. List the prime factors of y.
131
Let a(h) = h**2 + 10*h - 1. Let q(j) = -2*j**2 + 7. Let p be q(-3). List the prime factors of a(p).
2, 5
Let y(u) = -u**2 + 8*u + 3. Let k be y(6). Let s = -8 + k. What are the prime factors of s?
7
Let b = 303 - 211. What are the prime factors of b?
2, 23
Suppose 4*o + o + 3*n - 15 = 0, 0 = 3*o + 3*n - 9. Suppose -3*j = 4*u + j - 48, o*j + 32 = u. Let v = u + -5. What are the prime factors of v?
2, 3
Let y(c) = -c**2 - c - 1. Let h(p) = 3*p**2 + 6*p. Let l(a) = -h(a) - 4*y(a). Let f be l(3). Suppose 2*q - 23 = f. What are the prime factors of q?
3, 5
Let j(o) = 5*o. Let d be j(2). Let u = d + -7. What are the prime factors of ((-24)/(u - 0))/(-2)?
2
Let o be 6/(1*(-6)/4). List the prime factors of o/14 + (-726)/(-42).
17
Let o = -28 - -89. Let n = o - 27. What are the prime factors of n?
2, 17
Let s(z) = -46*z**3 - 2*z**2 - 2*z - 1. List the prime factors of s(-1).
3, 5
Let m = -10 + 17. Let h(j) = -j**2 + 8*j - 5. Let b be h(m). Suppose 0 = -3*s, -3 = -b*n - s + 5. What are the prime factors of n?
2
Suppose 3*r = 3*a + 36, -3*a - a + 2*r = 50. Suppose 0 = 2*l + 7*l + l. Let v = l - a. List the prime factors of v.
13
Suppose 3*v - 42 = v. Let x = 10 - 16. What are the prime factors of x/v - 79/(-7)?
11
Suppose -g - 4*t = -20, 1 + 4 = 2*g + t. Suppose -2*o = 0, g = -5*f + 4*o + 49 + 6. List the prime factors of f.
11
Let h = -4 - 1. Let a(j) be the second derivative of -j**4/12 - j**3 + 2*j**2 - 3*j. List the prime factors of a(h).
3
Let n(h) = -h**3 + 2*h**2 + 2. Let a be n(2). Suppose i + a*i = 39. What are the prime factors of i?
13
Let w = 13 + 0. What are the prime factors of w?
13
Let a(c) = -c + 9. Let i be a(8). Let g = -2 + 4. List the prime factors of i*g - (-2 - -2).
2
Let u(h) = 10*h**2 - 2*h + 1. What are the prime factors of u(2)?
37
Suppose 0 = -2*s + 4*w + 18, -2*s + 5*w = 2*s - 30. Suppose -s*l - 2*o = -277, -5*o - 17 = -4*l + 198. List the prime factors of l.
5, 11
Let q(d) = -d**3 + 4*d**2 + 12*d + 2. What are the prime factors of q(6)?
2
Suppose 2*n + 96 = 5*n. List the prime factors of n.
2
Suppose -3 = -3*b - 3*i, 0*i = -4*b + i - 21. Let s = b - -7. Suppose s*y - 3 = 42. List the prime factors of y.
3, 5
List the prime factors of (-1 + 55)*(-26)/(-39).
2, 3
Let o(i) = -6 - i - 2 - 2*i + i**2. Let z be o(6). Suppose v - 5*y - 40 = -z, -2*v = 5*y. What are the prime factors of v?
2, 5
Let k = -30 - -174. What are the prime factors of k?
2, 3
Let m = 4 + -11. Let r = m 